154.
14
Let y be 3/2*12/(-9). Let o(d) = 4*d**3 + 2*d**2 + 3*d + 1. Let z be o(y). Let u = -17 - z. Calculate the highest common factor of 6 and u.
6
Let v(z) = -z**2 - 94*z + 2. Let n be v(0). Suppose 0 = -3*p + 16 + 62. Calculate the greatest common divisor of n and p.
2
Let p(s) = s**2 + s + 4. Let a be p(-3). Let y = -8 + a. Calculate the highest common factor of y and 4.
2
Suppose 37*p + 64 = 45*p. What is the highest common factor of 128 and p?
8
Let k = 75 + -20. Let r = 127 + -118. Suppose 3*b + 3*w - 12 = 0, b - 3*b = w - r. Calculate the greatest common factor of b and k.
5
Let c(o) = 67*o**2 - 2*o. Suppose -2*t + 4*t - 8 = 0. Let b be c(t). Let q be b/21 - 2/3. What is the greatest common divisor of q and 20?
10
Suppose -2*a = -17 - 9. Suppose 5*s + i = -15, -2*s + 3*i + 11 = -0. Let u(d) = 2*d**2 - 2*d + 1. Let l be u(s). What is the greatest common divisor of a and l?
13
Suppose 0 = 39*b - 48*b + 180. Calculate the highest common factor of b and 540.
20
Let q(u) = 9*u - 41. Let x be q(7). What is the greatest common divisor of x and 44?
22
Let i be (38/8)/1 - 7/(-28). Suppose -2*s + 3*p = -156, s + 0*p - 85 = i*p. What is the highest common divisor of s and 25?
25
Suppose -3*t + 25 = 2*t. Let r(l) = -l**2 + 11*l - 14. Let c be r(7). Suppose -7*y = -c*y + 7. What is the highest common factor of t and y?
1
Suppose 0 = 4*b + 2 - 26. Let o(h) = -2*h + 15. Let t be o(b). Suppose -5 = -t*x + 22. Calculate the highest common factor of 1 and x.
1
Let y be (-14)/6 + 2 + 316/(-6). Let p = y + 97. Calculate the highest common divisor of 4 and p.
4
Suppose 26*c - 29*c = -144. Let h be (12/(-9))/(4/(-18)). What is the greatest common factor of c and h?
6
Let z(k) = 15*k**2. Let v be z(-3). Let u be 14832/v - (-4)/30. What is the greatest common divisor of 10 and u?
10
Suppose -4*r + 448 = -0*r. Suppose -8*k = -k - r. Calculate the highest common divisor of 56 and k.
8
Suppose -4*b + 2*w + 37 + 163 = 0, b - 68 = 5*w. Suppose 34 = -3*c + 34. Suppose c*u = 4*u - b. What is the highest common factor of 6 and u?
6
Suppose -38 = l + 5*a, -21 = -2*l + 2*a - 73. Let j be 2/(2 + 48/l). What is the highest common divisor of 42 and j?
7
Let l be 1644/28 - 6/(-21). Let s = -52 + l. Suppose -56 = -5*u + 4*u. What is the highest common divisor of u and s?
7
Let p(i) = -4*i**2 - 39*i - 11. Let n be p(-9). Let l = -469 + 277. Let v be ((-6)/(-9))/((-1)/l). Calculate the highest common factor of v and n.
16
Let v be ((-8)/14)/(12/(-42)). Let r(m) = -5*m**3 + 4*m**3 + 0*m**3 - v*m + 0*m - 5*m**2 - 7. Let w be r(-5). Calculate the greatest common divisor of w and 33.
3
Let p = -77 - -43. Let s = 39 + p. Calculate the highest common factor of 10 and s.
5
Suppose -21*p + 675 + 1026 = 0. What is the greatest common divisor of p and 648?
81
Let t be 657 + -9 + 1 - -8. What is the greatest common factor of t and 9?
9
Let k be 207*(2/(-16) - (-11)/24). What is the highest common divisor of 46 and k?
23
Let o = 294 + -288. Let v(d) = 3*d + 3. Let j = 7 + -2. Let c be v(j). What is the greatest common factor of c and o?
6
Let v = 271 - 183. Suppose -4*i + 100 = -3*h - h, -38 = -2*i - 2*h. What is the greatest common divisor of v and i?
22
Let g(h) = 5*h**2 + 11*h + 7. Let b be g(-7). Let t be 0 + -1 - (1 - -1). Let p be (-1)/t - 74/(-3). Calculate the highest common divisor of p and b.
25
Let f = 1061 - 1015. Calculate the highest common factor of 621 and f.
23
Let a be -3*(-5)/15 - -49. What is the greatest common factor of a and 10?
10
Let s(r) = r**2 + r + 24. Let k be s(9). Let x = 120 - k. What is the greatest common divisor of x and 54?
6
Let y(s) = 4*s + 150. Let b be y(-5). Calculate the highest common factor of b and 30.
10
Let k be 210/45*(-2 - -5). Suppose -154 = -5*w - j, 2*j = -3*w + 6*j + 97. Let t = -17 + w. Calculate the highest common divisor of t and k.
14
Suppose 2*x + r - 166 = -r, 0 = 5*x - 3*r - 407. Suppose 0 = 3*c - x - 8. Calculate the highest common factor of 30 and c.
30
Let w(s) = -9*s - 58. Let g be w(-16). Calculate the highest common divisor of 43 and g.
43
Suppose 0 = -9*g + 1616 - 32. What is the highest common factor of 22 and g?
22
Let t be (-294)/(-4) + ((-14)/4)/(-7). Let g = 104 - t. What is the highest common factor of 15 and g?
15
Suppose 0 = -2*a + 4, -6*q + q - a + 107 = 0. Suppose -3 - q = -b. Let c = 137 + -121. Calculate the highest common factor of b and c.
8
Let r be (548/4)/(1/1). Suppose 2*h - 83 = r. Suppose 0 = -2*w + 4*w - n - 90, -4*n - 140 = -3*w. What is the highest common factor of h and w?
22
Let i(n) = n**2 + 2*n - 246. Let c be i(0). Let q = -120 - c. What is the greatest common factor of 14 and q?
14
Let h(u) = -u**2 + 8*u - 9. Let b be h(2). Suppose -5 = -b*y - 2. Let l(z) = -2*z + 1. Let n be l(-5). What is the greatest common factor of y and n?
1
Let o = 15 + -11. Let v be 18 + o - (0 + 2). What is the greatest common divisor of 4 and v?
4
Let o(n) = 37*n - 1. Let i be o(1). Suppose 4*b - 7*k + 4*k - 84 = 0, -3*b + 2*k + 62 = 0. Let d = b - 9. Calculate the highest common factor of d and i.
9
Let m(l) = l**2 - 16*l - 36. Let c be m(-10). Calculate the greatest common divisor of 64 and c.
32
Suppose n - 16 = 2*y, 20 + 8 = n + 4*y. What is the highest common divisor of 35 and n?
5
Suppose 5*z - 15 = -0*z. Let q = z - 8. Let l(o) = -59*o - 9. Let k be l(q). Calculate the highest common factor of k and 26.
26
Let j(y) be the second derivative of 10*y**3 - 3*y**2 + 3*y. Let w be j(4). Suppose 3*i + 13 - 91 = 0. What is the greatest common factor of w and i?
26
Suppose 0 = -2*l - 4*n - 22, -2*l - 2*n - 23 = 3*l. Let v = 17 - l. What is the highest common factor of v and 140?
20
Let s = 24 - 24. Suppose s*c + 114 = 3*g + 4*c, -2*c = -2*g + 90. Calculate the greatest common divisor of g and 294.
42
Suppose -12*v - 60 = -16*v. Suppose -3*f - s = -2 - 6, -4*s = -5*f + 2. Suppose -f*g + g = -3. What is the highest common factor of v and g?
3
Let u(m) = 24*m**3 - 2*m**2 + 3*m - 3. Let j be u(2). Calculate the greatest common factor of 11 and j.
11
Let x = -140 - -190. What is the highest common factor of x and 20?
10
Suppose 118 = 2*p + 4*q, -2*p - 87 = -5*q - 250. Let g = p + -66. What is the greatest common factor of g and 12?
3
Let h be (96/(-80))/((-15)/19700). Calculate the greatest common divisor of 8 and h.
8
Suppose 2*k - 150 = -3*k + 2*w, -w - 5 = 0. Calculate the greatest common factor of 252 and k.
28
Let s(t) = 2*t**2 - t - 1. Let w be s(-1). Suppose -90 = -8*i + w*i. Calculate the highest common divisor of i and 15.
15
Let m(h) = -150*h. Let n be m(-2). Suppose -2*a = 2*a - n. Let y(r) = -7*r - 20. Let j be y(-5). Calculate the highest common factor of j and a.
15
Let t be (-50)/(-4)*36/(-45). Let w be (-42)/t - 64/(-80). Let z(c) = -c**3 - 7*c**2 - 4*c - 3. Let f be z(-7). Calculate the highest common factor of f and w.
5
Let u(h) = 8*h - 7. Let f be u(8). Suppose f = 2*t + 11. What is the greatest common factor of t and 184?
23
Let c(h) = -h**3 - 14*h**2 - h + 2. Let a be c(-14). Suppose -a*g = -6*g - 240. What is the greatest common factor of g and 120?
24
Let g = -8 + -22. Let y = g - -40. What is the highest common factor of 15 and y?
5
Suppose 5*f = -x + 255, 10*f - 5*f + 4*x - 240 = 0. Let q = -24 - -37. Calculate the highest common factor of f and q.
13
Suppose 7*l = 8*l. Suppose h - 13 - 5 = l. Suppose 0 = -w - 0 + h. Calculate the highest common divisor of 6 and w.
6
Let l(o) = o**2 - 8*o + 29. Let i be l(7). Let u(z) = 9*z**2 + 3*z + 3. Let t be u(-2). Calculate the greatest common factor of t and i.
11
Let g(d) = 7*d + 2. Let q(x) = x**2 - 12*x + 21. Let j be q(10). Let u be g(j). Calculate the highest common factor of 18 and u.
9
Suppose 262 = 12*l - 602. Calculate the greatest common factor of 108 and l.
36
Let d(a) = 9*a - 7. Let i be d(2). Suppose i*h - 45 = 6*h. Calculate the greatest common divisor of h and 1.
1
Suppose 11 - 6 = -x. Let u be (x/15 + 1)/(1/21). What is the highest common factor of u and 112?
14
Suppose -425*z + 431*z = -198. Let l = z - -69. Suppose -3*b - 9 = -4*b. What is the greatest common factor of b and l?
9
Let a(q) = 210*q**2 - q + 1. Let h be a(1). What is the highest common divisor of 28 and h?
14
Suppose 0 = g + 2*g - 105. Let w = 20 - -1. Suppose -8*l + w =